= -120*g**2 + 9955*g + 422. Calculate j(83).
7
Let l(d) = 2*d**2 + 969*d - 30845. Give l(30).
25
Let n(c) = 1458*c + 40843. Give n(-28).
19
Let s(i) = -35*i**2 + 396*i - 672. Determine s(14).
-1988
Let p(l) = l**3 - 10*l**2 - 69*l + 202. Determine p(14).
20
Let x(v) = v**2 - 205*v + 2194. Give x(12).
-122
Let v(l) = l**2 - 2118*l - 57929. What is v(-27)?
-14
Let g(f) = 499*f + 76. Give g(-1).
-423
Let t(x) = 971*x - 37555. What is t(38)?
-657
Let o(u) = -180*u + 38799. Determine o(216).
-81
Let m(f) = -17*f**2 + 5455*f - 4782. What is m(320)?
18
Let x(u) = -5*u**3 + 973*u**2 + u + 36. Calculate x(0).
36
Let k(y) = 174*y**3 - 20353*y**2 - 613*y + 3286. Give k(117).
10
Let t(w) = -1871*w + 173089. Determine t(93).
-914
Let a(z) = 1408976*z - 47905184. Calculate a(34).
0
Let u(y) = -60*y + 1137. Determine u(23).
-243
Let n(f) = -100*f**2 + 1790*f + 68. Determine n(18).
-112
Let m(f) = 99*f - 1378. Determine m(14).
8
Let u(f) = 874*f + 8954. Determine u(-10).
214
Let i(t) = 7*t**3 - 106*t**2 + 142*t + 694. Calculate i(13).
5
Let z(l) = 4*l**3 - 58*l**2 + 1156*l - 8629. What is z(9)?
-7
Let w(m) = 15*m**3 - 35*m**2 + 15*m + 1. Calculate w(1).
-4
Let f(a) = -4*a**2 + 3214*a + 35397. Give f(-11).
-441
Let t(m) = 22597*m + 6485343. Give t(-287).
4
Let j(p) = -8*p**2 + 410*p - 7622. Calculate j(18).
-2834
Let a(j) = -6*j + 2361. Determine a(100).
1761
Let a(o) = 11*o**3 + 56*o**2 - 129*o - 516. Determine a(-4).
192
Let c(s) = -4*s**2 - 155*s + 1475. Determine c(8).
-21
Let c(z) = 35*z**3 - 278*z**2 - 13*z + 106. Determine c(7).
-1602
Let y(h) = -h**3 - 31*h**2 + 240*h + 164. What is y(-36)?
-1996
Let w(m) = -299*m + 7390. What is w(25)?
-85
Let w(h) = -6107*h + 12149. Determine w(2).
-65
Let n(c) = c**2 + 252*c + 696. Calculate n(0).
696
Let q(s) = -418*s - 18537. What is q(-46)?
691
Let a(k) = 1976*k - 195599. Determine a(99).
25
Let s(f) = 6948*f - 1299275. Give s(187).
1
Let q(a) = -a**2 + 1352*a + 472320. What is q(-288)?
0
Let u(o) = -18*o**3 + 113*o**2 + 436*o + 428. Calculate u(-2).
152
Let w(a) = -35*a**3 + 211*a**2 + 25*a + 6. Determine w(6).
192
Let x(m) = -25*m**2 - 1649*m - 51. What is x(-66)?
-117
Let c(x) = 3608*x + 101062. What is c(-28)?
38
Let f(q) = -q**3 - 19*q**2 - 146*q - 857. Determine f(-13).
27
Let z(o) = 1435*o - 194837. Calculate z(136).
323
Let v(s) = 955*s**2 - 24808*s - 572. Determine v(26).
0
Let b(v) = -v**3 + 34*v**2 - 216*v + 6415. What is b(33)?
376
Let x(s) = -s**3 - 35*s**2 - 58*s - 202. Give x(-34).
614
Let m(o) = 5*o**3 + 1039*o**2 + 832*o + 795. Determine m(-207).
-33
Let h(k) = -k**3 - 20*k**2 + 558*k - 387. What is h(-36)?
261
Let a(l) = 2*l**2 - 29*l - 172. Determine a(19).
-1
Let f(p) = 7*p**2 - 181*p + 175. What is f(25)?
25
Let b(r) = r**3 + 1934*r**2 - 50976*r + 409. Determine b(26).
-7
Let i(s) = -s**3 - 6*s**2 + 129*s + 885. Give i(-10).
-5
Let n(w) = w**2 - 2508*w + 32617. Give n(13).
182
Let t(c) = -15240*c - 137256. What is t(-9)?
-96
Let g(w) = 794*w - 13824. What is g(18)?
468
Let h(z) = 2*z**3 - 117*z**2 + 60*z - 37. Calculate h(58).
79
Let m(x) = -1210*x + 186395. Give m(154).
55
Let n(q) = -q**2 + 57*q + 9879. Determine n(-64).
2135
Let m(k) = 60*k**2 - 646*k + 958. Calculate m(9).
4
Let b(v) = 184*v - 23739. Calculate b(126).
-555
Let y(z) = 16*z**3 + 6842*z**2 + 4273*z + 1290. Calculate y(-427).
9
Let p(j) = -j**3 - 128*j**2 - 494*j - 97. What is p(-124)?
-345
Let l(u) = 6649*u - 3178221. Calculate l(478).
1
Let o(z) = z**3 - 38*z**2 - 436*z + 1207. What is o(46)?
-1921
Let f(l) = -113672*l - 340953. Determine f(-3).
63
Let j(q) = q**2 + 485*q - 26813. Calculate j(50).
-63
Let z(b) = 205*b**3 - 4*b**2 + 791*b - 1586. Calculate z(2).
1620
Let s(t) = t**3 + 19*t**2 - 149*t - 14. Give s(6).
-8
Let m(w) = -w**3 + 430*w**2 + 8974*w + 11702. Calculate m(450).
2
Let o(n) = n**3 - 23*n**2 - 804*n + 18133. What is o(22)?
-39
Let i(f) = -2*f**3 - 14*f**2 - 10*f + 221. Give i(-8).
429
Let a(u) = 832*u - 2681. Determine a(4).
647
Let v(u) = 1799*u - 8409. Give v(5).
586
Let z(u) = u**3 - 24*u**2 + 110*u - 11. What is z(6)?
1
Let s(f) = -f**3 - 252*f**2 - 12328*f - 3425. Determine s(-66).
7
Let n(h) = 7826*h + 172170. What is n(-22)?
-2
Let d(a) = -a**3 - 418*a**2 - 4864*a + 3262. Give d(-406).
14
Let l(p) = -3*p**3 + 454*p**2 - 171*p + 3086. Give l(151).
66
Let u(o) = o**3 - 137*o + 74. Calculate u(0).
74
Let u(c) = -c**2 + 243*c - 1208. Determine u(5).
-18
Let q(c) = -4*c**3 - 58*c**2 - 92*c - 178. What is q(-13)?
4
Let s(g) = -67*g**2 - 1508*g - 2103. Determine s(-21).
18
Let o(w) = 617*w - 21017. Determine o(34).
-39
Let t(j) = 5*j**3 - 14*j**2 - 2*j + 12. Determine t(3).
15
Let j(s) = 13415*s + 228007. What is j(-17)?
-48
Let p(u) = 13804*u + 206913. Calculate p(-15).
-147
Let k(q) = 749*q**2 - 5231*q - 6. Calculate k(7).
78
Let u(b) = 3*b**2 + 5790*b - 34694. Calculate u(6).
154
Let u(l) = -3*l**3 - 37*l**2 - 59*l + 100. Determine u(-3).
25
Let z(u) = 35051*u - 1191738. What is z(34)?
-4
Let p(c) = 113523*c + 340687. What is p(-3)?
118
Let q(j) = -j**3 - 68*j**2 - 1023*j + 623. Calculate q(-45).
83
Let t(p) = -p**2 + 28*p + 1091. What is t(-26)?
-313
Let t(j) = 2*j**3 - 55*j**2 + 248*j - 5979. Give t(27).
-12
Let w(q) = 782*q**2 - 12517*q + 60. Determine w(16).
-20
Let c(q) = -816*q - 4889. Determine c(-6).
7
Let j(m) = -7*m**3 - 9*m**2 - 111*m - 243. Give j(-2).
-1
Let m(v) = -3*v**3 + 1498*v**2 - 500*v + 486. Give m(499).
-13
Let v(a) = -2*a**3 - 157*a**2 - 1806*a - 48. Give v(-14).
-48
Let f(m) = 4*m**2 - 23*m - 28. What is f(7)?
7
Let t(a) = 12*a**2 - 100*a - 2091. Determine t(18).
-3
Let s(o) = -7*o**3 - 1732*o**2 - 715*o + 6399. Give s(-247).
-23
Let h(v) = -6105*v + 18014. What is h(3)?
-301
Let v(i) = -3015*i + 56962. Calculate v(20).
-3338
Let l(a) = -4*a**3 - 51*a**2 - 413*a - 1508. Give l(-6).
-2
Let y(a) = -a**2 + 1280*a + 97258. What is y(-72)?
-86
Let c(a) = 1932*a + 364837. Calculate c(-189).
-311
Let i(q) = 5*q**2 - 46*q - 1234. Determine i(23).
353
Let h(j) = -5094*j + 142658. What is h(28)?
26
Let w(p) = -18*p**2 - 28*p + 29. Determine w(4).
-371
Let g(l) = -15*l**2 - 887*l - 122. Give g(-59).
-4
Let l(v) = 7*v**3 + 4563*v**2 + 8447*v - 1958. What is l(-650)?
-8
Let k(d) = 30*d**3 + 52*d**2 + 92*d - 16. Determine k(-2).
-232
Let o(m) = -56*m + 9513. Give o(171).
-63
Let j(p) = 602*p - 533988. What is j(887)?
-14
Let k(g) = -9*g**3 + 41*g**2 + 48*g - 138. Calculate k(6).
-318
Let s(q) = -4*q**2 - 2137*q + 145321. Give s(61).
80
Let t(m) = -11033*m - 77227. What is t(-7)?
4
Let s(f) = -f**3 - 30*f**2 + 1591*f + 50. Determine s(27).
1454
Let f(i) = 14*i**2 - 713*i - 7063. Give f(-10).
1467
Let t(o) = o**2 - 46*o - 2623. Calculate t(-31).
-236
Let y(h) = -18865*h - 19087. Determine y(-1).
-222
Let u(g) = 7*g**2 - 1111*g - 18207. Determine u(-15).
33
Let t(p) = -76*p - 17527. Give t(-239).
637
Let q(x) = 289*x + 47635. Give q(-165).
-50
Let v(t) = 1390*t - 1750. Determine v(1).
-360
Let g(r) = 10093*r + 72277. Calculate g(-7).
1626
Let w(i) = -i**2 - 40*i - 365. What is w(-14)?
-1
Let y(x) = 43*x**3 - 90*x**2 + 275*x + 15. What is y(3)?
1191
Let h(g) = -g**3 + 30*g**2 + 450*g - 9583. Calculate h(35).
42
Let g(p) = 1227*p - 4184. Determine g(1).
-2957
Let z(j) = 87*j**3 - 1045*j**2 - 140*j + 1852. What is z(12)?
28
Let i(g) = -1666*g**2 + 29757*g + 4154. What is i(18)?
-4
Let l(g) = 67*g**3 + 5*g**2 - 51*g + 84. Calculate l(2).
538
Let c(s) = s**3 - 72*s**2 + 1014*s - 634. What is c(19)?
-501
Let r(o) = 164*o**2 + 55*o - 45. What is r(1)?
174
Let i(q) = -151*q - 320. Calculate i(-11).
1341
Let k(c) = 61*c**2 - 1706*c + 241. Give k(28).
297
Let f(i) = 466*i + 89462. Calculate f(-192).
-10
Let z(f) = f**2 + 425*f - 2112. Calculate z(5).
38
Let g(k) = 41*k**2 - 636*k - 90. Determine g(15).
-405
Let t(v) = -v**3 + 6*v**2 + 248*v - 2436. Give t(9).
-447
Let u(k) = -2*k**2 + 4094*k - 113065. What is u(28)?
-1
Let m(c) = -79447*c + 635582. What is m(8)?
6
Let b(s) = 5*s**2 + 167*s + 385. Determine b(-30).
-125
Let r(j) = 135*j + 5730. What is r(-53)?
-1425
Let c(v) = 17688577*v + 17688570. Determine c(-1).
-7
Let w(h) = 7554*h**2 - 143547*h + 379. Give w(19).
-20
Let n(l) = 324*l + 16937. Give n(-52).
89
Let s(h) = -574*h + 26493. What is s(49)?
-1633
Let g(f) = -12865*f - 192922. Give g(-15)